5189648
In base 11, what is -91 - -136?
55
In base 14, what is -37 - -7850?
7817
In base 15, what is -5 - 4369?
-436e
In base 2, what is -101001011 + -110000010?
-1011001101
In base 2, what is 10010111011101110 - 11?
10010111011101011
In base 10, what is -6 + 716375?
716369
In base 14, what is -3b - 407?
-444
In base 5, what is 2 - 320213?
-320211
In base 7, what is 4303 + 2101?
6404
In base 6, what is 3 + -135304?
-135301
In base 16, what is 4c + -13af5?
-13aa9
In base 7, what is -5 + -12365653?
-12365661
In base 14, what is -2d8 + 86?
-252
In base 6, what is -102 + 453?
351
In base 6, what is 15531 - -42?
20013
In base 6, what is 2402 + 421?
3223
In base 11, what is 0 + 476?
476
In base 2, what is -10110110010110 - -1000011?
-10110101010011
In base 14, what is -2 - 2340?
-2342
In base 12, what is 6 - 4989?
-4983
In base 3, what is 1011101002 - -2?
1011101011
In base 12, what is -27 - -324?
2b9
In base 10, what is 7 + -321137?
-321130
In base 11, what is -46709 - 5?
-46713
In base 2, what is -110000110 - 11001000?
-1001001110
In base 9, what is 14665 + -3?
14662
In base 8, what is 2135 - 3725?
-1570
In base 2, what is 101 - -100000011100011?
100000011101000
In base 10, what is -62147 - 5?
-62152
In base 8, what is 0 - 3455463?
-3455463
In base 6, what is -33012 - -4?
-33004
In base 16, what is 2db34 - -e?
2db42
In base 12, what is 1503 - 22?
14a1
In base 3, what is 22 - -111221100210?
111221101002
In base 5, what is 123020 + -210?
122310
In base 6, what is 1023405 + -1?
1023404
In base 7, what is -113 - 15002?
-15115
In base 8, what is 117 + 124?
243
In base 4, what is -3022203332 - 11?
-3022210003
In base 16, what is 6 - -22008?
2200e
In base 16, what is -50c + -17?
-523
In base 5, what is -14 - -102243?
102224
In base 6, what is -10014 - -13441?
3423
In base 8, what is 124 - 700?
-554
In base 11, what is -938899 - 5?
-9388a3
In base 2, what is 100001 + -110001100010100100?
-110001100010000011
In base 5, what is 1024303 - -4?
1024312
In base 11, what is 1390993 - 3?
1390990
In base 12, what is 3324 - 3?
3321
In base 16, what is 1ae90 - -5?
1ae95
In base 7, what is 52 - 4140?
-4055
In base 12, what is -875 + 1b97?
1322
In base 7, what is 25 - -41363?
41421
In base 7, what is 162 - 1015?
-523
In base 6, what is 0 + 554330?
554330
In base 2, what is -10010010010 - -1?
-10010010001
In base 9, what is 104 - 62452?
-62347
In base 16, what is 0 - 126529?
-126529
In base 15, what is 1de38 + 36?
1de6e
In base 14, what is 4219 - -9?
4224
In base 9, what is -423572 + 3?
-423568
In base 14, what is 860 - 88?
7b6
In base 13, what is 105b - 31?
102a
In base 3, what is 2 + -2100111120?
-2100111111
In base 8, what is 413 - 20610?
-20175
In base 15, what is beaa + 24?
bece
In base 6, what is 531343 - 3?
531340
In base 15, what is -671a6 + 2?
-671a4
In base 16, what is -86e + 79?
-7f5
In base 8, what is -3163 - 644?
-4027
In base 9, what is -3750517 + -4?
-3750522
In base 6, what is 5 - -20352?
20401
In base 5, what is 332 + -100010?
-44123
In base 8, what is -5 + 147751?
147744
In base 16, what is -3b - 77?
-b2
In base 7, what is 26 + -4415?
-4356
In base 3, what is -21 - -1001200002?
1001122211
In base 4, what is 3 - -1221031021?
1221031030
In base 4, what is -20 + 222200?
222120
In base 10, what is -31 + -2633?
-2664
In base 7, what is 1524 - 25050?
-23223
In base 16, what is -3 + -32d37?
-32d3a
In base 5, what is 21110 + 204?
21314
In base 2, what is -10101111100 - -1011?
-10101110001
In base 12, what is 14 - -893?
8a7
In base 14, what is -51 - -21a9?
2158
In base 9, what is 107821 - -5?
107826
In base 14, what is -4b9 - 3b7?
-892
In base 6, what is -2324 + -33525?
-40253
In base 12, what is -3 - -66938?
66935
In base 7, what is 21 - 625?
-604
In base 7, what is -103 - -13243?
13140
In base 4, what is 1 + -2230302?
-2230301
In base 7, what is -1 - 12621026?
-12621030
In base 2, what is 100100 - -11110100110100001?
11110100111000101
In base 4, what is -12002102 - -20?
-12002022
In base 2, what is 1101011001 - -10?
1101011011
In base 8, what is 5 + 71721?
71726
In base 13, what is -2ca8 + -2?
-2caa
In base 3, what is 1101 + 212120021?
212121122
In base 2, what is -11001000 + -1001110011001?
-1010001100001
In base 8, what is -51 + -13024?
-13075
In base 14, what is -1641a - 3?
-1641d
In base 13, what is -35aa6 - 5?
-35aab
In base 14, what is -1287 - 6?
-128d
In base 9, what is 3528 + 1?
3530
In base 9, what is 5357 - 3?
5354
In base 5, what is 32014 + -30?
31434
In base 3, what is 201222112222 - 11?
201222112211
In base 5, what is -403432 + -12?
-403444
In base 15, what is -164 + d5?
-7e
In base 4, what is -100300 - 11221?
-112121
In base 8, what is 731 + -57?
652
In base 6, what is 0 + -2454550?
-2454550
In base 3, what is 20222211 - -2210?
21002121
In base 16, what is -3ecb + 126?
-3da5
In base 15, what is 1352d - 6?
13527
In base 12, what is -b57 - 9?
-b64
In base 7, what is 1 - 252355?
-252354
In base 16, what is 4 - -1295?
1299
In base 3, what is -1021 - 1021110?
-1022201
In base 15, what is 2e + 19b4?
19e3
In base 11, what is -125 + -55?
-17a
In base 8, what is -344 + -425?
-771
In base 14, what is -2 - 9901?
-9903
In base 14, what is -db7 + -d7?
-10b0
In base 7, what is 2 + -32611?
-32606
In base 6, what is -5 - 12402?
-12411
In base 4, what is -20322022 + 11?
-20322011
In base 16, what is 2 - -a27a4?
a27a6
In base 7, what is -33 + 1465?
1432
In base 9, what is 2321 + -45?
2265
In base 7, what is 33 + 605?
641
In base 2, what is -100011110 + 100101100?
1110
In base 9, what is 17147 - -5?
17153
In base 10, what is -137 + 4426?
4289
In base 16, what is -6c - b8b?
-bf7
In base 10, what is -3026 + -28?
-3054
In base 7, what is -1 - 1524243?
-1524244
In base 13, what is 99158 - -5?
99160
In base 13, what is 15725 - 5?
15720
In base 10, what is 4 - 16753?
-16749
In base 5, what is 120 - -3442?
4112
In base 10, what is 0 + -28558?
-28558
In base 6, what is -1 - -13405534?
13405533
In base 8, what is -16535244 + -3?
-16535247
In base 16, what is -8 - d9e?
-da6
In base 6, what is 5 + 1431?
1440
In base 5, what is -32104121 + 2?
-32104114
In base 10, what is 788863 - 4?
788859
In base 6, what is 3 + -1453445?
-1453442
In base 6, what is -30 + 414?
344
In base 12, what is 53a2 - 57?
5347
In base 4, what is -222033 - 20203?
-302302
In base 9, what is -356 + 22?
-334
In base 12, what is 38a89 + -9?
38a80
In base 7, what is 106154 - -3?
106160
In base 14, what is -2 + 1739bb?
1739b9
In base 11, what is 34 - -13139?
13172
In base 2, what is 1000111110101 - -10?
1000111110111
In base 3, what is 101002 + 10121?
111200
In base 13, what is 4080cc - 3?
4080c9
In base 5, what is 2124042002 + 4?
2124042011
In base 2, what is 1110 - 1000000011011?
-1000000001101
In base 15, what is 1c - 114a?
-112d
In base 2, what is -10100101101110101 - -11010?
-10100101101011011
In base 12, what is -6903a + b?
-6902b
In base 5, what is -3043404 - 213?
-3044122
In base 2, what is 10 - -11011011011001000?
11011011011001010
In base 9, what is -2603 - 16?
-2620
In base 6, what is -12201 + -104?
-12305
In base 7, what is -1661333 - -4?
-1661326
In base 7, what is 25 - -15663?
16021
In base 15, what is 316 - 14a2?
-118b
In base 10, what is -3408 + -4?
-3412
In base 10, what is 461 + -167?
294
In base 7, what is 3310 - 121?
3156
In base 13, what is 33331 - 4?
3332a
In base 5, what is 111 - 2342123?
-2342012
In base 16, what is dda + -42?
d98
In base 11, what is 1958 - -171?
2019
In base 11, what is 33 - 4874?
-4841
In base 15, what is a + -1875?
-186a
In base 8, what is -4 + 1746642?
1746636
In base 2, what is -11 + 1110101101010?
1110101100111
In base 14, what is 1930 + 4?
1934
In base 5, what is -300440 - 32?
-301022
In base 16, what is 33424 + -3?
33421
In base 16, what is 4a + -305?
-2bb
In base 6, what is 0 - -24113230?
24113230
In base 13, what is 61b - -a25?
1343
In base 15, what is 1e56 + -45?
1e11
In base 2, what is 11010000010011 - 0?
11010000010011
In base 11, what is -a7179 - -3?
-a7176
In base 5, what is -4 - 3113120?
-3113124
In base 9, what is -3 + -1112273?
-1112276
In base 13, what is -27 - 1288?
-12b2
In base 9, what is -372632 - -10?
-372622
In base 6, what is 335153 + 10?
335203
In base 10, what is 137 - -75?
212
In base 16, what is f13 + 7?
f1a
In base 5, what is 3 - 14